{"id":413,"date":"2018-01-29T15:38:36","date_gmt":"2018-01-29T17:38:36","guid":{"rendered":"http:\/\/nutridados.com\/site\/?page_id=413"},"modified":"2021-05-23T10:15:04","modified_gmt":"2021-05-23T13:15:04","slug":"agendamento","status":"publish","type":"page","link":"https:\/\/nutridados.com\/site\/agendamento\/","title":{"rendered":"Agendamento"},"content":{"rendered":"<p>[vc_row][vc_column icons_position=&#8221;left&#8221;][vc_column_text]<\/p>\n<h4>Hor\u00e1rios De Atendimento: 08 \u00e0s 16 horas, hor\u00e1rio de Bras\u00edlia<\/h4>\n<h4>Dias de Atendimentos: Segunda \u00e0 Sexta e aos Domingos.<\/h4>\n<p>[\/vc_column_text][\/vc_column][\/vc_row][vc_row][vc_column icons_position=&#8221;left&#8221;][vc_empty_space height=&#8221;100px&#8221; alter_height=&#8221;large&#8221; hide_on_wide=&#8221;&#8221; hide_on_desktop=&#8221;&#8221; hide_on_notebook=&#8221;&#8221; hide_on_tablet=&#8221;&#8221; hide_on_mobile=&#8221;&#8221;]<a href=\"https:\/\/whats.link\/nutridados\" id=\"sc_button_139420499\" class=\"sc_button sc_button_default sc_button_size_normal sc_button_icon_left\" target=\"_blank\"><span class=\"sc_button_text\"><span class=\"sc_button_title\">Agende Agora<\/span><\/span><!-- \/.sc_button_text --><\/a><!-- \/.sc_button -->[\/vc_column][\/vc_row]<\/p>\n","protected":false},"excerpt":{"rendered":"<p>[vc_row][vc_column icons_position=&#8221;left&#8221;][vc_column_text] Hor\u00e1rios De Atendimento: 08 \u00e0s 16 horas, hor\u00e1rio de Bras\u00edlia Dias de Atendimentos: Segunda \u00e0 Sexta e aos Domingos. [\/vc_column_text][\/vc_column][\/vc_row][vc_row][vc_column icons_position=&#8221;left&#8221;][vc_empty_space height=&#8221;100px&#8221; alter_height=&#8221;large&#8221; hide_on_wide=&#8221;&#8221; hide_on_desktop=&#8221;&#8221; hide_on_notebook=&#8221;&#8221; hide_on_tablet=&#8221;&#8221;&hellip;<\/p>\n","protected":false},"author":1,"featured_media":0,"parent":0,"menu_order":0,"comment_status":"closed","ping_status":"closed","template":"","meta":{"footnotes":""},"_links":{"self":[{"href":"https:\/\/nutridados.com\/site\/wp-json\/wp\/v2\/pages\/413"}],"collection":[{"href":"https:\/\/nutridados.com\/site\/wp-json\/wp\/v2\/pages"}],"about":[{"href":"https:\/\/nutridados.com\/site\/wp-json\/wp\/v2\/types\/page"}],"author":[{"embeddable":true,"href":"https:\/\/nutridados.com\/site\/wp-json\/wp\/v2\/users\/1"}],"replies":[{"embeddable":true,"href":"https:\/\/nutridados.com\/site\/wp-json\/wp\/v2\/comments?post=413"}],"version-history":[{"count":11,"href":"https:\/\/nutridados.com\/site\/wp-json\/wp\/v2\/pages\/413\/revisions"}],"predecessor-version":[{"id":1743,"href":"https:\/\/nutridados.com\/site\/wp-json\/wp\/v2\/pages\/413\/revisions\/1743"}],"wp:attachment":[{"href":"https:\/\/nutridados.com\/site\/wp-json\/wp\/v2\/media?parent=413"}],"curies":[{"name":"wp","href":"https:\/\/api.w.org\/{rel}","templated":true}]}}